se 4?
-201201032
What is -10110110111001110100 (base 2) in base 11?
-471956
153653513 (base 7) to base 3
201110210222022
Convert 10100111011000110 (base 2) to base 15.
1a5d7
Convert -733881 (base 10) to base 2.
-10110011001010111001
What is -550877 (base 13) in base 4?
-13220131100
Convert -32230133132 (base 4) to base 16.
-3ac7de
-101000121010221 (base 3) to base 11
-3008702
Convert -209598 (base 12) to base 8.
-1754004
Convert 422022014 (base 5) to base 9.
3258551
What is 500433 (base 7) in base 4?
110210133
Convert -3753256 (base 11) to base 7.
-106262260
What is -2735135 (base 8) in base 10?
-768605
Convert -10361 (base 15) to base 14.
-14a2b
-1352606 (base 7) to base 8
-541505
-285513 (base 9) to base 7
-1325115
-51e2e0 (base 15) to base 2
-1110110111000001110010
What is -2d2e7 (base 15) in base 5?
-14131132
Convert -65032644 (base 7) to base 3.
-101102100022200
What is -12030320040 (base 5) in base 16?
-d45adf
Convert 5430443 (base 7) to base 5.
132203103
13098b6 (base 13) to base 3
102012220021102
1402015 (base 6) to base 10
78203
What is 54207 (base 9) in base 12?
1892a
What is -5137b2 (base 12) in base 7?
-13543121
-2102003 (base 4) to base 16
-2483
Convert -165425 (base 10) to base 11.
-103317
Convert -324df3 (base 16) to base 11.
-19519a0
Convert -996 (base 14) to base 5.
-30041
b81b (base 15) to base 5
2221301
What is -24211112 (base 5) in base 7?
-1630154
6200035 (base 7) to base 12
2b7b7a
What is 212101331322 (base 4) in base 13?
2104812
100220101 (base 4) to base 6
1243201
What is 4751a (base 11) in base 3?
10110222022
What is 570031 (base 10) in base 6?
20115011
What is -1031202202 (base 4) in base 13?
-b173c
Convert -300220320 (base 4) to base 2.
-110000101000111000
Convert -170786 (base 10) to base 3.
-22200021102
What is 33300020132 (base 4) in base 16?
3f021e
What is 12404626 (base 7) in base 2?
100010011010101001011
What is 1609b0 (base 13) in base 16?
84e43
Convert 1036143 (base 7) to base 6.
2415530
-1233300020 (base 4) to base 11
-2929a4
355b58 (base 16) to base 13
955810
20100000 (base 6) to base 16
8a960
221022120010 (base 3) to base 16
79a8b
-20696 (base 14) to base 6
-1401432
-101100001110111110 (base 2) to base 3
-100012112110
Convert -124472 (base 11) to base 6.
-4112232
Convert 236243014 (base 7) to base 8.
70211257
110001111001111 (base 2) to base 3
1022001100
Convert -134144340 (base 5) to base 15.
-da830
Convert -59c8 (base 14) to base 9.
-23430
What is -225144032 (base 6) in base 12?
-148b018
157370 (base 8) to base 2
1101111011111000
What is 5d13 (base 16) in base 6?
302151
What is -11200022222101 (base 3) in base 10?
-2486602
What is 155815 (base 9) in base 5?
11034121
210102212100202 (base 3) to base 16
addb0c
What is -10001101000010010 (base 2) in base 4?
-101220102
-100101101100100 (base 2) to base 4
-10231210
Convert 2403430 (base 5) to base 7.
242660
What is -24055023 (base 6) in base 7?
-6260313
Convert 133000420 (base 5) to base 7.
5466066
What is -663027 (base 9) in base 13?
-10b259
114166235 (base 7) to base 10
7092335
-530452 (base 7) to base 13
-32833
What is -361432 (base 8) in base 14?
-330dc
What is -10101011000000010 (base 2) in base 5?
-10300204
What is 22aa0a (base 13) in base 8?
3110122
What is -1443224231 (base 5) in base 10?
-3883066
10110001110001101 (base 2) to base 14
25257
What is -4591566 (base 12) in base 9?
-27148116
Convert 310430010 (base 5) to base 10.
1264380
13665023 (base 8) to base 6
150333511
Convert -82241 (base 9) to base 15.
-1109a
What is -3102101314 (base 5) in base 7?
-104263255
What is 15767 (base 9) in base 5?
321314
What is 110001111001100001011001 (base 2) in base 9?
26546262
260679 (base 12) to base 9
1148573
2034304444 (base 5) to base 6
230145112
What is 2132021 (base 6) in base 10?
105421
Convert -3151202 (base 6) to base 12.
-75502
Convert 32b84a (base 14) to base 7.
20431523
101101111111011001010101 (base 2) to base 10
12056149
Convert -23231545 (base 6) to base 4.
-2233231121
Convert 2351001 (base 8) to base 13.
196c27
What is -20833 (base 9) in base 10?
-13800
What is 728bd (base 16) in base 8?
1624275
What is 4517836 (base 9) in base 10?
2433354
Convert 22012002 (base 5) to base 8.
557731
Convert 12210021202210 (base 3) to base 14.
5a10d6
Convert -19873 (base 15) to base 6.
-1435500
-3544030 (base 6) to base 3
-100101122200
Convert -1152452 (base 7) to base 14.
-3b9d2
What is -100221012210 (base 3) in base 9?
-327183
-1a46278 (base 11) to base 5
-1340331243
-18bb74 (base 13) to base 15
-c56bc
-1123310002 (base 5) to base 2
-1001110000001111001101
-11012132031 (base 4) to base 6
-44354513
What is 4a667 (base 12) in base 10?
101167
Convert -3251353 (base 6) to base 14.
-4324d
What is 32424457 (base 8) in base 13?
15979a6
cb32a2 (base 14) to base 7
112344362
Convert -23013302 (base 5) to base 12.
-9a20a
15cd7 (base 16) to base 8
256327
Convert 155351 (base 14) to base 2.
10110101101101011011
Convert 100001101011110101 (base 2) to base 5.
13403343
What is -119a363 (base 12) in base 16?
-347a7b
10254244 (base 6) to base 3
120101112201
17aa5 (base 15) to base 11
52657
What is -2546d (base 15) in base 13?
-422b9
2a748a6 (base 11) to base 6
304443315
Convert -10000122110 (base 3) to base 12.
-2a540
Convert -1954a3 (base 11) to base 2.
-1001001010000101000
What is 12150121 (base 6) in base 7?
3202615
346915 (base 10) to base 12
148917
68007 (base 12) to base 14
3854b
121526530 (base 7) to base 5
3422330242
Convert 100101101101101111 (base 2) to base 14.
40423
Convert -3b67648 (base 13) to base 15.
-19a6449
-2a7952 (base 13) to base 7
-11612060
12213201 (base 5) to base 15
24886
258b05 (base 13) to base 2
11011100111001111111
What is -55c51 (base 14) in base 5?
-23130343
-15330512 (base 7) to base 10
-1469666
3134410 (base 5) to base 6
1042544
What is -27c774 (base 15) in base 10?
-1915309
What is -693d (base 15) in base 4?
-11130331
-1c03c (base 13) to base 6
-1102304
-117c23 (base 13) to base 12
-1815a2
-1010001010010011000011 (base 2) to base 10
-2663619
What is -9cbf4 (base 16) in base 9?
-1177633
Convert -220fe (base 16) to base 15.
-2b513
41144 (base 5) to base 12
166a
Convert -c448 (base 15) to base 14.
-11180
-1290005 (base 11) to base 16
-21f51d
Convert -1261653 (base 8) to base 6.
-11323055
What is 10001100001000100011 (base 2) in base 15?
b510c
What is -10010011001011111 (base 2) in base 6?
-1340515
Convert -2100301011 (base 4) to base 8.
-2206105
Convert 75213 (base 10) to base 6.
1340113
What is -153313033 (base 6) in base 4?
-30120020031
What is 1101012000102 (base 3) in base 6?
23404315
What is 1011000001011000111110 (base 2) in base 4?
23001120332
What is -5155413 (base 6) in base 10?
-248769
Convert -1220212202001 (base 3) to base 9.
-1825661
What is -14321102 (base 5) in base 7?
-1200256
What is 301341344 (base 5) in base 13?
33002b
Convert 323131302 (base 5) to base 2.
101010000111101101010
Convert 1011111111100111 (base 2) to base 13.
19490
What is -582480 (base 11) in base 3?
-1202000201010
1001111221111 (base 3) to base 6
20010321
1101110100011001101010 (base 2) to base 6
205350510
Convert -12575 (base 16) to base 11.
-51496
Convert 9880 (base 10) to base 11.
7472
What is 1212102001020 (base 3) in base 8?
3621712
8c189 (base 15) to base 13
127c26
Convert -1f2af4 (base 16) to base 7.
-23235065
14b60 (base 12) to base 13
10452
-36203 (base 13) to base 8
-301606
-62515162 (base 7) to base 14
-9b0932
What is 22262a0 (base 12) in base 6?
351441520
Convert 2724461 (base 8) to base 3.
1102211022001
What is -669a2 (base 16) in base 6?
-13001350
What is 1a194 (base 12) in base 7?
216403
What is 6805008 (base 10) in base 2?
11001111101011000010000
What is 2237723 (base 11) in base 6?
220001024
Convert 1220130310 (base 4) to base 10.
427828
What is 156c2bb (base 13) in base 11?
3980196
What is -234400020 (base 6) in base 13?
-bb84a4
10000010100111010111 (base 2) to base 9
1004783
22320112 (base 4) to base 6
542154
What is 3e042 (base 15) in base 3?
101010020022
What is -38073 (base 12) in base 7?
-434631
What is 251a02 (base 14) in base 5?
311204214
What is -1647992 (base 12) in base 13?
-c42767
-10630126 (base 8) to base 3
-11100011102101
4b0b627 (base 12) to base 9
30585864
What is cd783 (base 16) in base 6?
30012151
What is 112130322 (base 6) in